{"id":48,"date":"2026-02-12T14:51:08","date_gmt":"2026-02-12T13:51:08","guid":{"rendered":"https:\/\/carolinaschutti.at\/?page_id=48"},"modified":"2026-04-01T11:36:08","modified_gmt":"2026-04-01T09:36:08","slug":"bio","status":"publish","type":"page","link":"https:\/\/carolinaschutti.at\/?page_id=48","title":{"rendered":""},"content":{"rendered":"\n<div class=\"wp-block-group alignfull is-layout-flow wp-block-group-is-layout-flow\"><\/div>\n\n\n\n<div class=\"wp-block-cover alignfull is-light has-contrast-color has-text-color has-link-color wp-elements-ff02b0a379d458f779bdeb4e72adadc8\" style=\"margin-top:0;margin-bottom:0;padding-top:var(--wp--preset--spacing--60);padding-right:var(--wp--preset--spacing--50);padding-bottom:var(--wp--preset--spacing--60);padding-left:var(--wp--preset--spacing--50)\"><span aria-hidden=\"true\" class=\"wp-block-cover__background has-base-background-color has-background-dim-100 has-background-dim\"><\/span><div class=\"wp-block-cover__inner-container has-global-padding is-layout-constrained wp-container-core-cover-is-layout-873ee6b1 wp-block-cover-is-layout-constrained\">\n<div class=\"wp-block-columns alignwide is-layout-flex wp-container-core-columns-is-layout-7ee84d44 wp-block-columns-is-layout-flex\">\n<div class=\"wp-block-column is-layout-flow wp-block-column-is-layout-flow\" style=\"flex-basis:65%\">\n<div class=\"wp-block-group is-vertical is-content-justification-stretch is-layout-flex wp-container-core-group-is-layout-353c4f5a wp-block-group-is-layout-flex\">\n<p class=\"has-text-align-left\"><\/p>\n\n\n\n<p class=\"is-style-text-subtitle is-style-text-subtitle--1\">Carolina Schutti wurde 1976 in Innsbruck geboren. Sie studierte Germanistik, Anglistik\/Amerikanistik sowie klassische Gitarre und absolvierte eine Gesangsausbildung. Nach ihrer Promotion \u00fcber Intertextualit\u00e4t bei Elias Canetti war sie Lektorin an der Universit\u00e4t Florenz und f\u00fcr kurze Zeit wissenschaftliche Mitarbeiterin im Literaturhaus am Inn, ehe sie sich dem literarischen Schreiben zuwandte.<br>2007 erschienen erste Texte in Anthologien und Literaturzeitschriften, 2010 der zum Rauriser Literaturpreis nominierte Deb\u00fctroman &#8222;Wer getragen wird, braucht keine Schuhe&#8220;. Seither ver\u00f6ffentlichte sie Romane und Erz\u00e4hlungen, H\u00f6rspiele, experimentelle B\u00fchnenst\u00fccke und Lyrik. Ihr Interesse gilt au\u00dferdem interdisziplin\u00e4ren Projekte an der Schnittstelle von Musik, Theater und Sprache sowie (internationalen) k\u00fcnstlerischen Kooperationen.<br>Ihr Werk wurde in zwanzig inner- und au\u00dfereurop\u00e4ische Sprachen \u00fcbersetzt und vielfach ausgezeichnet.<\/p>\n\n\n\n<p><\/p>\n\n\n\n<p class=\"is-style-text-subtitle is-style-text-subtitle--2\"><\/p>\n<\/div>\n<\/div>\n\n\n\n<div class=\"wp-block-column is-layout-flow wp-block-column-is-layout-flow\" style=\"flex-basis:35%\">\n<div class=\"wp-block-group is-vertical is-content-justification-stretch is-nowrap is-layout-flex wp-container-core-group-is-layout-73b0033c wp-block-group-is-layout-flex\">\n<p><\/p>\n\n\n\n<p><\/p>\n\n\n\n<p><\/p>\n\n\n\n<p class=\"has-text-align-right has-x-large-font-size\" style=\"line-height:1.2\"><a href=\"https:\/\/www.instagram.com\/carolinaschutti\/?hl=en\">Instagram<\/a><br><br><a href=\"https:\/\/www.literaturport.de\/lexikon\/carolina-schutti\/\">literaturport.de<\/a><br><\/p>\n\n\n\n<p class=\"has-text-align-right has-x-large-font-size\" style=\"line-height:1.2\"><strong><sub>mail(AT)carolinaschutti.at<\/sub><\/strong><br><br><br><\/p>\n<\/div>\n\n\n\n<p><\/p>\n<\/div>\n<\/div>\n<\/div><\/div>\n\n\n\n<p><\/p>\n","protected":false},"excerpt":{"rendered":"","protected":false},"author":1,"featured_media":0,"parent":0,"menu_order":0,"comment_status":"closed","ping_status":"closed","template":"","meta":{"footnotes":""},"class_list":["post-48","page","type-page","status-publish","hentry"],"_links":{"self":[{"href":"https:\/\/carolinaschutti.at\/index.php?rest_route=\/wp\/v2\/pages\/48","targetHints":{"allow":["GET"]}}],"collection":[{"href":"https:\/\/carolinaschutti.at\/index.php?rest_route=\/wp\/v2\/pages"}],"about":[{"href":"https:\/\/carolinaschutti.at\/index.php?rest_route=\/wp\/v2\/types\/page"}],"author":[{"embeddable":true,"href":"https:\/\/carolinaschutti.at\/index.php?rest_route=\/wp\/v2\/users\/1"}],"replies":[{"embeddable":true,"href":"https:\/\/carolinaschutti.at\/index.php?rest_route=%2Fwp%2Fv2%2Fcomments&post=48"}],"version-history":[{"count":8,"href":"https:\/\/carolinaschutti.at\/index.php?rest_route=\/wp\/v2\/pages\/48\/revisions"}],"predecessor-version":[{"id":237,"href":"https:\/\/carolinaschutti.at\/index.php?rest_route=\/wp\/v2\/pages\/48\/revisions\/237"}],"wp:attachment":[{"href":"https:\/\/carolinaschutti.at\/index.php?rest_route=%2Fwp%2Fv2%2Fmedia&parent=48"}],"curies":[{"name":"wp","href":"https:\/\/api.w.org\/{rel}","templated":true}]}}